b?
9
Let n be 4*(-6)/(-24)*2*11. Let j = 27 - n. Calculate the remainder when 8 is divided by j.
3
Suppose -4*q + 373 = 3*z - 2*q, 4*z - 2*q = 488. What is the remainder when z is divided by 30?
3
Suppose 86 = -3*v - 133. Let a = v + 154. Calculate the remainder when a is divided by 28.
25
Let u be ((-282)/9)/((-4)/6). Let o = -9 + u. Calculate the remainder when o is divided by 14.
10
Let v(t) = 6*t**2 - 4. Let s be v(6). Suppose 3*r - s = r. Let f = 1648 + -1612. What is the remainder when r is divided by f?
34
Suppose 0 = -15*t + 827 + 1303. What is the remainder when t is divided by 38?
28
Let y = 503 + -497. What is the remainder when (-158)/(-18) + (-6)/(-27) is divided by y?
3
Suppose -4*g + 3*l + 173 = -18, 4*l - 231 = -5*g. What is the remainder when 108 is divided by g?
14
Let h(m) = m**3 - 7*m**2 - 5*m - 2. What is the remainder when 40 is divided by h(8)?
18
Let t(n) = n**2 - 15*n + 6. Let s be t(15). Calculate the remainder when 53 is divided by 167/s + 3*1/18.
25
Suppose -5*j + 3*j = 24. Let b = j + 17. Suppose 2*n + 0*v + b = 5*v, 0 = -3*n - 4*v + 27. What is the remainder when 17 is divided by n?
2
Let t(u) = u + 21. Calculate the remainder when t(-12) is divided by 4.
1
Let m = 27 - 6. Let g = 42 + -130. Let s = g - -129. What is the remainder when s is divided by m?
20
Let b be -1*(3 - 3 - -1). Let j = 4 + b. Suppose j*z = o + 17, 3*z - 4*o - 4 = 28. What is the remainder when 9 is divided by z?
1
Let p be -3 - -1 - (3 + -9). Let h = -409 + 409. What is the remainder when (-50)/(-1 - h/p) is divided by 17?
16
Suppose s - 6*s = -75. Let t = -150 + 327. What is the remainder when t is divided by s?
12
Let i = -24 + 26. Suppose -5*g + 4*t = -119, i*g - 9 - 53 = -2*t. What is the remainder when 51 is divided by g?
24
Let n be 4/(32/(-232))*-3. Suppose -5*a + 0*a - 130 = 0. Let t = a + n. What is the remainder when t is divided by 16?
13
Suppose -37*n + 30*n + 56 = 0. Let p = 19 - -18. What is the remainder when p is divided by n?
5
Suppose -2*a - 2*c + 47 + 19 = 0, -3*c - 153 = -4*a. What is the remainder when 54 is divided by a?
18
Suppose j - 3*r + 92 - 723 = 0, -2*j + 1247 = -r. What is the remainder when j is divided by 157?
151
Suppose 168 = -p + 4*p. Let t(k) = k**2 + 2*k - 5. What is the remainder when (-3)/2*p/(-12) is divided by t(-4)?
1
Suppose -23*i = -2518 + 540. What is the remainder when i is divided by 15?
11
Suppose -4*r + 985 + 93 = 7*r. What is the remainder when r is divided by (-2)/2 - 21/(-1)?
18
Suppose -3*n = -5*l + 30, -l - 22 = -4*l + n. What is the remainder when 1/(-2)*(-106)/1 is divided by l?
8
Suppose 5*b = 10*b + 460. Let w = 133 + b. Calculate the remainder when w is divided by 14.
13
Suppose 67 + 146 = -3*v. Let b = -152 - v. Let z = -52 - b. Calculate the remainder when z is divided by 16.
13
Calculate the remainder when 138 is divided by ((-12)/9*-7)/((-22)/(-165)).
68
Suppose -2480 = -5*c - 11*c. Calculate the remainder when c is divided by 27.
20
Let w = -92 + -22. Let i = w + 128. What is the remainder when 51 - -1*0/1 is divided by i?
9
Let c = 207 + -192. Calculate the remainder when 129 is divided by c.
9
Let a(y) = -16*y - 4. Calculate the remainder when a(-3) is divided by (2/(-1))/((-5)/((-160)/(-4))).
12
Let k(i) = -i**2 + i + 33. Suppose -v = 2*v. Suppose 0*s + 5*s = v. Calculate the remainder when k(s) is divided by 9.
6
Suppose g - 2*m = 131 + 24, 5*m - 25 = 0. What is the remainder when g is divided by 34?
29
Suppose 559 = -3*u - 5*p + 1668, 0 = 2*p - 8. Calculate the remainder when u is divided by 71.
8
Let t(u) = -u**3 - 2*u**2 + 11*u + 19. What is the remainder when 35 is divided by t(0)?
16
Let l(k) = -k**3 + 8*k**2 + 8*k - 12. Let i be l(7). Suppose 3*y = -54 + i. Calculate the remainder when 50 is divided by y.
11
Let r(a) = a + 16. What is the remainder when 108 is divided by r(0)?
12
Let m = -177 - -42. Let f = m - -188. Calculate the remainder when f is divided by 19.
15
Calculate the remainder when ((-1136)/(-40))/(4/20) is divided by 24.
22
Let x = 6 - 4. Let l = 93 + -54. Calculate the remainder when l is divided by x*(5 + (2 - 2)).
9
Let x = -31 - -178. Suppose 4*w - 12 = 0, 6*w - 3*w + x = 4*r. What is the remainder when r is divided by 10?
9
Suppose 2*w - 5 = 5. Suppose -w*b = 4*p - 4, 3*p - 7 = 5*b - 4. What is the remainder when 3 is divided by p?
0
Let u be 3/(0 + 6)*-218. Let h = 199 + u. Suppose -f = 5*t - h, f + 54 = 3*t + 4*f. Calculate the remainder when t is divided by 5.
3
Let x be 1/(8/(-103)) - 2/16. Let j = -1 - x. Let b(p) = -p**2 + 12*p + 1. What is the remainder when b(10) is divided by j?
9
Let d(b) = 2*b + 0 - b + 6 + b. Calculate the remainder when 183/3*(1 + 0) is divided by d(5).
13
Suppose 0 = -3*c + 2*y + 16, -4*c + 5*y = -27 + 1. Calculate the remainder when 1191/21 - (-4)/14 is divided by ((42/(-9))/(-7))/(c/90).
12
Let f(b) = 3*b**2 + 8*b**2 + 3 + 3*b + 38*b**3 - 36*b**3. Calculate the remainder when 127 is divided by f(-5).
10
Let d = 11 + 7. Let z = d - 5. Suppose 0 = 5*g - 218 + 33. Calculate the remainder when g is divided by z.
11
Let f(m) = 696*m**3 + 2*m**2 + m - 2. Calculate the remainder when f(1) is divided by 10.
7
Let v = 151 + -96. What is the remainder when v is divided by 34/204 - 166/(-12)?
13
Let c(j) = -38*j + 306. What is the remainder when c(-4) is divided by 14?
10
Let n(s) = -3*s - 35. Let d be n(-21). Let w = -22 + d. What is the remainder when w is divided by 5?
1
Suppose -3*v = n - 24, 0 = -3*n + 5*n + 4*v - 58. Suppose 464*k - 465*k - 2*p = -205, -k + 163 = -5*p. Calculate the remainder when k is divided by n.
37
Let r(k) = -k**3 + 10*k**2 - 12*k + 8. Let m = 12 + -12. Suppose -5*l - 5 = m, 0 = 2*z - z - l - 9. Calculate the remainder when r(z) is divided by 14.
12
Let o = 23 - 31. Let k be (-12)/(-3 - (-1 - 1)). Let r = k + o. What is the remainder when r is divided by 2?
0
Let r(l) = 19 + 14 - l**2 - 31*l + 18*l. Let t be r(-15). Suppose 0*j + 2*j + 20 = t*p, -5*j - 25 = -5*p. Calculate the remainder when 28 is divided by p.
8
Suppose 0*s + 12 = -2*s - 5*g, -3*g - 4 = 2*s. Suppose 0 = s*i - 2*a - 72, i - 5*a + 60 = 3*i. Calculate the remainder when 99 is divided by i.
19
Let n(v) = 22*v**2 - 1. Suppose -5*l - 6 + 1 = 0. What is the remainder when n(l) is divided by 8 - (0/(-2) - 4)?
9
Let g(y) = 6*y - 3. Let l be (1 + 4/(-3))*3. Let x(c) = -14*c. What is the remainder when x(l) is divided by g(2)?
5
Suppose 25*w - 18*w = 420. What is the remainder when w is divided by 32?
28
Let o(z) = -139*z + 161. What is the remainder when o(-8) is divided by 22?
19
Let f be -5 + 7 - (-1 + -2). Calculate the remainder when (-15)/(f + 56/(-10)) is divided by 4.
1
Suppose -6*w + 4*w = 24. Let s = -6 - w. Calculate the remainder when 10 is divided by s.
4
Suppose -2*k = 14 - 22, -3*z - 5*k = -143. What is the remainder when 197 is divided by z?
33
What is the remainder when 183 is divided by (-186)/(-8)*(-48)/(-12)?
90
Let v = 31 + -44. Suppose 0 = 5*o - 90 - 10. Let b = v + o. Calculate the remainder when 26 is divided by b.
5
Suppose -u + 5*u = -2*x + 18, -2*x = -5*u. Suppose -o + 46 = 2*w + 14, u*w + 3*o - 24 = 0. Let k = 41 - -48. What is the remainder when k is divided by w?
17
Let c = -17 + 84. Let w = c + -42. Calculate the remainder when w is divided by 14.
11
Let w(x) = -5*x**3 - x - 1. Let r be w(-1). Let g = 71 - 127. Let m = r - g. What is the remainder when m is divided by 21?
19
Let o(p) = 7*p**2 - 11*p + 13. Let a(i) = 13*i**2 - 21*i + 25. Let f(w) = 3*a(w) - 5*o(w). What is the remainder when f(4) is divided by 13?
3
Suppose -9*s + 8*s - 14 = 0. Calculate the remainder when 108/(-14)*(s + 7) is divided by 19.
16
Suppose -4*j - 232 = -4*b, -3*b - 3*j = -20 - 136. Let r(q) = -3*q**2 + 3*q. Let t be r(4). Calculate the remainder when b is divided by (-2)/9 + (-1016)/t.
27
What is the remainder when (-18365)/(-15) + -4*(-2)/(-6) is divided by 25?
23
Let r = -247 - -264. Calculate the remainder when 135 is divided by r.
16
Let n = -3054 - -3091. Calculate the remainder when 2292 is divided by n.
35
Suppose 176*h + 819 = 197*h. What is the remainder when 75 is divided by h?
36
Suppose 2*l + 32 = -2*o, 9 = -5*o - 1. Let w = 21 + l. What is the remainder when 12 is divided by w?
5
Suppose -11*d + 195 = -6*d. Suppose -